-139 - d. Is f composite?
False
Suppose 3*r - 3*x + 1076 = 4*r, -5*r + 5*x = -5480. Suppose -4274 = -5*k + r. Is k a prime number?
False
Suppose 4*a - 35 = -15. Let b(d) = -67*d + 30. Let g be b(-13). Suppose -a*o + 1543 = m + m, 3*o - g = 5*m. Is o composite?
False
Suppose -3*f = 190 + 17. Let w = f - -292. Is w a prime number?
True
Suppose 2*w - 6*w + 20 = 0. Suppose -w*x + 101 - 31 = 0. Is x a prime number?
False
Let f = -125 - -214. Is f a prime number?
True
Let s = -2 + 5. Suppose -2*c - 4*x = 2*c - 3512, -4*c = 5*x - 3511. Suppose 0*d = -s*d + c. Is d a prime number?
True
Let o = 150 - 147. Suppose -2*r + 403 - 123 = 0. Suppose o*n + 35 = r. Is n a composite number?
True
Is 3/30 - 16319189/(-410) composite?
True
Suppose -14*s + 342096 + 301190 = 0. Is s composite?
False
Let w(o) = -o**3 + 8*o**2 + 10*o - 11. Let h be w(9). Let g be h*(-12)/(-16)*-2. Let f = 10 - g. Is f prime?
True
Let w = 3865 + -1889. Let p = w - 433. Is p prime?
True
Let f = 4942 + -9463. Is (-2)/(-3) + f/(-9) composite?
False
Let w = -35968 + 73553. Is w prime?
False
Let t(y) = y - 29. Let n be t(0). Let m = 1515 - 1590. Let s = n - m. Is s a prime number?
False
Let r be ((-9)/((-18)/8))/1. Suppose r*o + 827 = 6871. Is o composite?
False
Let j = 14601 + -3730. Is j composite?
True
Let c(i) be the second derivative of i**8/960 + i**7/1260 - i**6/180 + i**5/40 - 5*i**4/12 + 2*i. Let a(u) be the third derivative of c(u). Is a(2) composite?
False
Suppose 0 = -0*d + 5*d - 5. Let h = 0 + d. Is (h + 6/(-4))*-118 a prime number?
True
Suppose 23*o - 12*o - 363 = 0. Is (-2)/(-3) - (-10901)/o composite?
False
Let w(c) = 5*c**3 + 4*c**2 + 5*c + 3. Let n be w(4). Let x = 259 - n. Let f = x - -235. Is f composite?
True
Suppose 2424 = 3*u + k, 3*u + 7*k - 8*k = 2430. Is u a prime number?
True
Suppose -144 = -p + 193. Is p prime?
True
Let k(m) = -m**2 + 1. Let n(y) = -34*y**2 - 12*y + 7. Let j(p) = -17*p**2 - 6*p + 4. Let h(t) = -5*j(t) + 3*n(t). Let v(f) = -h(f) + 6*k(f). Is v(-4) prime?
True
Suppose -5*d - 12 - 3 = 5*o, 0 = 3*d - 3*o + 9. Let l be (22/(-6) + 2)*d. Is 10/l - (2 + -353) a composite number?
False
Let w be 522/7*5*7. Suppose -u + 2*t = -531, -2*t = -5*u - t + w. Is u prime?
True
Suppose -77 = -5*n + 158. Suppose 5*w - 64 = w. Let d = n - w. Is d composite?
False
Let h be (144/27)/((-2)/(-3)). Let g(k) = -3*k + 10. Let w be g(h). Is (-219)/(-7) - w/(-49) composite?
False
Let q(b) = 33*b**2 - 12*b + 35. Is q(6) composite?
False
Let y(q) = 10819*q**2 - 13*q - 1. Is y(-1) a composite number?
False
Let u = 2364 - -193. Is u a composite number?
False
Is 4/(-36) - 475662/(-27) composite?
True
Let n be (-38)/(-14) + 6/21. Let m = 984 + 25. Suppose -5*g = -4*x + m, -1 = 4*g + n. Is x a prime number?
True
Suppose 0 = -3*t + t + 4. Let g be 3 - (-4)/(-8)*t. Suppose -g*h + 1681 = 3*y, 4*y = -h + 1157 + 1076. Is y a composite number?
False
Is (66574/(-22))/((-123)/1353) composite?
False
Suppose -2*o = 5*t - 8, 0 = -0*o - o + 5*t - 11. Is 10/(-15) - (-466)/(-6)*o prime?
False
Suppose 729 = i - 257. Let k(w) = -2*w**2 + 18*w + 5. Let n be k(-12). Let v = n + i. Is v a composite number?
False
Let b(o) = 10*o**2 + 8*o - 16. Let r be b(6). Suppose -4*w = -r - 84. Is w a prime number?
False
Suppose 22 = -3*c + 82. Let a be (c/(-8))/((-1)/100). Suppose 30 = -4*n + a. Is n a prime number?
False
Suppose 0 = -20*s + 399814 + 270286. Is s composite?
True
Let q(i) = -3*i**2 - 3*i + 1. Let v be q(5). Let l = 1145 + -929. Let n = l + v. Is n a prime number?
True
Let b(x) = -251*x**3 + 6*x**2 + 11*x - 1. Is b(-5) composite?
False
Suppose -49232 = -5*y + 6263. Is y composite?
True
Let w be ((-2172)/(-15))/(4/10). Let r be (w/4)/(9/(-18)). Let h = r + 344. Is h a prime number?
True
Let w(l) = -l**2 + 7*l + 2. Suppose 35 = -o + 6*o. Let a be w(o). Suppose r + 223 = a*r. Is r a composite number?
False
Let m be -3 + 7 + -8 - -184. Suppose q - 115 - m = 0. Is q a composite number?
True
Suppose 6*p - 20497 = 81017. Is p prime?
False
Suppose 2*k = 6*k - 8. Suppose 8 = -0*x + x. Suppose k*d = 2, x*f = 3*f - d + 96. Is f a composite number?
False
Let k(l) = 125*l**2 - l - 1. Let o = 68 - 66. Is k(o) prime?
False
Let s(f) = -9*f - 3. Let l be s(6). Let a = -31 - l. Let x = a + 12. Is x composite?
True
Suppose -63*c - 88532 = -5*f - 64*c, 35399 = 2*f + 5*c. Is f composite?
False
Let n = -999 - -2360. Is n prime?
True
Let a(z) = -z**2 - 2*z + 505. Let d be (-5)/(-2) + -2 + 5/(-10). Is a(d) a composite number?
True
Let s = 27 - 25. Suppose -t - s = -5*l, -14 = -5*t - 3*l + 4. Suppose t*c = -c + 2164. Is c composite?
False
Suppose 0 = 2*s + 37*y - 40*y - 8402, 2*s = y + 8402. Is s prime?
True
Let z = 1666 - 789. Is z composite?
False
Suppose -5*h + 3*s = -185167, -5*s = -8*h + 5*h + 111113. Is h a prime number?
False
Let b = 46 - 22. Let h = 64 - b. Suppose -g - h = -5*g. Is g a prime number?
False
Let f(s) = -2*s**3 + 2*s**2 + 2*s + 1. Let h be f(-1). Suppose -h*p - 2*p + 745 = 0. Is p prime?
True
Suppose 0*n + 4 = -4*n. Let f be (n + 0/(-1))*-3. Suppose 5*a - 5*t = 715, -2*t - 582 + 151 = -f*a. Is a composite?
True
Let y(a) = 269*a - 11. Is y(14) a prime number?
False
Let f(w) = -15*w + 6. Let x be f(4). Is (x - 1)*12/(-12) a prime number?
False
Suppose -t - 2 + 5 = 3*f, 0 = 4*f + 3*t - 4. Let i be 10/2 - f - 2. Suppose i*h - 6*h + 1004 = 0. Is h composite?
False
Is 2/(-8) + ((-250056)/(-32) - -13) composite?
True
Let g = -191 + 1248. Suppose 0*y - y + g = 4*p, -5*p + 1295 = -4*y. Is p prime?
True
Suppose -2*g = y - 9, g + 0*g + 4*y - 22 = 0. Suppose -4*s - 2*z + 1294 = 0, s = g*s + 2*z - 316. Is s a composite number?
True
Let v(y) = -8*y - 12. Let n be v(-3). Suppose 4*t - 6 = j - 4*j, -8 = -4*j. Suppose t = -14*f + n*f + 494. Is f a composite number?
True
Let t = -17 + 17. Suppose 5*v = 2*n + 584, -2*v - 3*n - 67 + 312 = t. Is v prime?
False
Let h = -260 + 266. Let d(t) be the third derivative of 15*t**4/8 + 17*t**3/6 - t**2. Is d(h) prime?
False
Let x = 95507 - 42600. Is x prime?
False
Suppose 4*v = u + 3*v - 7, 3*u - 1 = -v. Let q(h) = 57*h**3 + 3. Let o be q(u). Suppose l = 302 + o. Is l a prime number?
True
Let f = 72 - -20. Suppose 0 = -2*q + 4*s + 512, f + 380 = 2*q + 4*s. Suppose -q = -2*p + 128. Is p composite?
True
Suppose -57*o + 77105 = -50*o. Is o prime?
False
Suppose -295530 + 37182 = -12*k. Is k a prime number?
True
Let f = 11 - -4. Suppose 3*m - 4*o = 7, f + 32 = 3*m + 4*o. Suppose m*c = 4*c + 445. Is c composite?
False
Suppose 2*q + 7864 = 4*u, 2*q - 1966 = -u + q. Is u prime?
False
Suppose 0 = -5*m + 1090 - 85. Suppose m = 5*p - 274. Is p composite?
True
Let w(i) = -55*i + 35. Let v(t) = 25*t - 20. Let h(q) = -49*q + 41. Let k(d) = 3*h(d) + 7*v(d). Let p(u) = 7*k(u) + 3*w(u). Is p(7) a prime number?
False
Let n = -82 + 85. Suppose -3*f = m - 4974, n*m + 8276 = -3*f + 8*f. Is f a prime number?
True
Let n be (-18)/(-4)*2/(-3). Is (-2219)/n - 1/3*2 composite?
False
Let w be ((-2)/(-4))/((-2)/(-20)*5). Is (327 + 2)/(0 + w) a prime number?
False
Suppose 133*r - 138*r + 105435 = -2*q, 4*r - q = 84351. Is r composite?
False
Suppose 558*k - 63305 = 553*k. Is k a prime number?
False
Suppose -y - 4*z - 73 = 0, -3*y + z - 258 = -0*z. Let b = y + 228. Is b composite?
True
Is (-1904 + 1)/((-3)/(5 - 2)) composite?
True
Is (-13139 - (6 - 6))*(1 - 2) a prime number?
False
Suppose 3*r - 9685 = -2*t - 2308, 5*t = 4*r - 9836. Is r a composite number?
False
Suppose -8*w = -3*w - 45. Suppose -7*l - 326 = -w*l. Is l a composite number?
False
Suppose 9*f - 10*f = 3*q - 40334, 4*f - 161363 = -3*q. Is f a prime number?
True
Suppose 4*c - 50 = -2*h, -h + 40 = 2*c - 5*c. Let d be 13 + -1 + (-2 - -1) + 5. Let o = d + h. Is o prime?
True
Let b(d) = 5*d - 2. Suppose 3*c + 0*m = 3*m + 48, 69 = 4*c - 5*m. Is b(c) a composite number?
False
Suppose -t + 253 = -5*n, 4*n - 271 = -9*t + 8*t. Is t composite?
False
Is (0 + 5)*((-49557)/(-15) + 0) composite?
False
Let d(z) be the second derivative of 85*z**3/3 + 29*z**2/2 + 17*z. Is d(6) prime?
True
Let z = -34047 + 54176. Is z a composite number?
False
Suppose -5*j - 5*i - 2144 - 9056 = 0, 0 = -4*i - 12. Let t = 3780 + j. Is t a composite number?
False
Is 4/6 + 617880/360 a composite number?
True
Let j(w) = 49*w**2 - 8*w - 4. Let x be j(-9). Suppose 5*u + x = -1558. Is -3*